remainder when 719694 is divided by 6718.
868
Calculate the remainder when 178529 is divided by 58484.
3077
Calculate the remainder when 247704318 is divided by 898.
896
What is the remainder when 1119637 is divided by 67?
0
Calculate the remainder when 9641855 is divided by 104.
15
Calculate the remainder when 230197 is divided by 157.
35
Calculate the remainder when 433161 is divided by 14543.
11414
What is the remainder when 686538 is divided by 57209?
30
What is the remainder when 24546556 is divided by 203?
202
What is the remainder when 4194291 is divided by 2371?
2363
Calculate the remainder when 1830 is divided by 794.
242
Calculate the remainder when 720318 is divided by 157.
2
Calculate the remainder when 91527 is divided by 7040.
7
Calculate the remainder when 1223242 is divided by 252.
34
What is the remainder when 1786257 is divided by 210?
207
What is the remainder when 100956342 is divided by 21?
18
Calculate the remainder when 392615 is divided by 5771.
187
What is the remainder when 1134011 is divided by 66?
65
What is the remainder when 17853 is divided by 10243?
7610
Calculate the remainder when 22423084 is divided by 28.
12
Calculate the remainder when 22270203 is divided by 315.
18
What is the remainder when 2281757 is divided by 96?
29
What is the remainder when 113871 is divided by 22717?
286
Calculate the remainder when 4506872 is divided by 1502286.
14
What is the remainder when 1157327 is divided by 752?
751
Calculate the remainder when 66300 is divided by 66279.
21
Calculate the remainder when 29030305 is divided by 147.
10
What is the remainder when 61500175 is divided by 275?
0
Calculate the remainder when 266268 is divided by 7364.
1164
What is the remainder when 264928 is divided by 4490?
18
What is the remainder when 1667162 is divided by 1667062?
100
Calculate the remainder when 173941 is divided by 57972.
25
Calculate the remainder when 8594184 is divided by 563.
552
Calculate the remainder when 165501622 is divided by 1025.
1022
Calculate the remainder when 57426 is divided by 8122.
572
Calculate the remainder when 257210 is divided by 4434.
38
Calculate the remainder when 3974905 is divided by 1324935.
100
Calculate the remainder when 15785167 is divided by 253.
244
What is the remainder when 6190306 is divided by 1492?
1490
Calculate the remainder when 44078894 is divided by 29.
25
Calculate the remainder when 8388198 is divided by 18117.
27
Calculate the remainder when 58173 is divided by 882.
843
What is the remainder when 16800107 is divided by 258463?
12
What is the remainder when 1543692 is divided by 151?
19
What is the remainder when 1098142 is divided by 21530?
112
Calculate the remainder when 620942 is divided by 206650.
992
Calculate the remainder when 239007 is divided by 57.
6
Calculate the remainder when 855630 is divided by 23124.
42
Calculate the remainder when 11319 is divided by 11251.
68
What is the remainder when 2254506 is divided by 46?
0
What is the remainder when 424311 is divided by 195?
186
What is the remainder when 710285 is divided by 44391?
29
Calculate the remainder when 787067 is divided by 262319.
110
Calculate the remainder when 906594 is divided by 75542.
90
What is the remainder when 5200674 is divided by 103?
101
Calculate the remainder when 387852357 is divided by 46.
45
Calculate the remainder when 65837250 is divided by 136309.
3
Calculate the remainder when 565403 is divided by 10873.
7
What is the remainder when 10145703 is divided by 1510?
13
Calculate the remainder when 114954 is divided by 19155.
24
Calculate the remainder when 3750373 is divided by 962.
497
Calculate the remainder when 763058 is divided by 1093.
144
Calculate the remainder when 1232930 is divided by 80.
50
Calculate the remainder when 17300 is divided by 3552.
3092
Calculate the remainder when 378140 is divided by 5558.
196
What is the remainder when 1726546 is divided by 428?
422
What is the remainder when 48468772 is divided by 3534?
3496
Calculate the remainder when 1095162 is divided by 150.
12
Calculate the remainder when 22043592 is divided by 1387.
1
What is the remainder when 7676804 is divided by 86256?
20
Calculate the remainder when 39028778 is divided by 39028777.
1
What is the remainder when 15823445 is divided by 10801?
10781
Calculate the remainder when 28344 is divided by 708.
24
What is the remainder when 4089795 is divided by 240575?
20
Calculate the remainder when 469980 is divided by 93542.
2270
What is the remainder when 770921 is divided by 36710?
11
What is the remainder when 897492 is divided by 174?
0
Calculate the remainder when 644136 is divided by 5803.
3
Calculate the remainder when 2813779 is divided by 63949.
23
What is the remainder when 1291019 is divided by 3997?
3985
What is the remainder when 102612356 is divided by 24?
20
Calculate the remainder when 6301931 is divided by 128608.
139
What is the remainder when 893201 is divided by 44660?
1
Calculate the remainder when 1891206 is divided by 70044.
18
Calculate the remainder when 13268036 is divided by 154.
12
Calculate the remainder when 1967587 is divided by 140524.
251
Calculate the remainder when 717911 is divided by 236.
235
What is the remainder when 2689440 is divided by 149411?
42
Calculate the remainder when 27199 is divided by 4531.
13
What is the remainder when 987936 is divided by 97?
88
What is the remainder when 29492226 is divided by 353?
135
Calculate the remainder when 3953202 is divided by 1161.
1158
What is the remainder when 199117529 is divided by 285?
284
What is the remainder when 64604 is divided by 31985?
634
What is the remainder when 12769752 is divided by 3389?
0
What is the remainder when 13418532 is divided by 6161?
6035
What is the remainder when 162484138 is divided by 7712?
10
What is the remainder when 79151341 is divided by 665137?
38
Calculate the remainder when 14885984 is divided by 3721496.
0
Calculate the remainder when 106840 is divided by 17754.
316
Calculate the remainder when 211655 is divided by 415.
5
What is the remainder when 51570551 is divided by 66?
65
What is the remainder when 1794100 is divided by 199259?
769
Calculate the remainder when 1647697 is divided by 1683.
40
Calculate the remainder when 42780 is divided by 42147.
633
Calculate the remainder when 21434 is divided by 8201.
5032
What is the remainder when 109030 is divided by 432?
166
Calculate the remainder when 39124124 is divided by 25.
24
What is the remainder when 5266541 is divided by 1316622?
53
What is the remainder when 1182092 is divided by 28830?
62
What is the remainder when 11878 is divided by 3352?
1822
What is the remainder when 795729 is divided by 19752?
5649
Calculate the remainder when 3079137 is divided by 38489.
17
What is the remainder when 633184 is divided by 6269?
15
What is the remainder when 5593988 is divided by 233082?
20
What is the remainder when 247904 is divided by 131?
52
What is the remainder when 202373750 is divided by 28?
26
What is the remainder when 1533334 is divided by 73014?
40
Calculate the remainder when 872078 is divided by 12451.
508
What is the remainder when 10309278 is divided by 28?
14
Calculate the remainder when 3845908 is divided by 4127.
3671
Calculate the remainder when 1753059 is divided by 870.
9
What is the remainder when 19200115 is divided by 9600049?
17
Calculate the remainder when 592617 is divided by 9968.
4505
Calculate the remainder when 11697512 is divided by 169.
8
What is the remainder when 320907824 is divided by 675?
674
Calculate the remainder when 14503804 is divided by 4834601.
1
Calculate the remainder when 14726 is divided by 2459.
2431
What is the remainder when 41868511 is divided by 37?
14
Calculate the remainder when 647298 is divided by 2240.
2178
What is the remainder when 7174979 is divided by 200?
179
Calculate the remainder when 3637201 is divided by 8400.
1
Calculate the remainder when 1107820 is divided by 2388.
2176
Calculate the remainder when 51298934 is divided by 25649465.
4
What is the remainder when 11068582 is divided by 582556?
18
Calculate the remainder when 31708462 is divided by 2444.
6
Calculate the remainder when 158782 is divided by 39688.
30
Calculate the remainder when 48008313 is divided by 695